 the second derivative of -x**4/12 - x**3/6 - 7*x. Let p(b) = -d(b) - 4*o(b). Calculate p(0).
-9
Let o(m) be the first derivative of -m**4/12 + 3*m**2 - 2*m - 2. Let p(k) be the first derivative of o(k). Let j = 49 - 49. Calculate p(j).
6
Let z(w) = w + 19. Let t be z(-8). Let d = 13 - t. Let h(x) = x**3 + 2*x**2 - 4*x + 2. What is h(d)?
10
Let g be ((-1)/(3/(-12)))/6. Let p(w) be the third derivative of 2*w**2 - 1/24*w**4 - g*w**3 - 1/60*w**5 + 0*w + 0. Give p(-3).
-10
Let t(s) = s**2 + 5*s - 1. Let f = 26 - 12. Let o be (-8)/(-28) - 4/f. Let b be (-2 - 0) + o + -1. Calculate t(b).
-7
Suppose -d - 8 = 3*d + 4*o, -4*d - 3*o - 12 = 0. Let a(j) = j**2 + 7*j + 6. Give a(d).
0
Let i(b) = -3*b + 1. Let m(v) = -v. Let j(p) = -i(p) + 2*m(p). Suppose -z - 21 = 6*z. What is j(z)?
-4
Let a = 6 + -7. Let b(f) = 11*f**2 + 1. Calculate b(a).
12
Suppose -4*d + 58 = -18. Let s = d - 22. Let j(m) = -5 + m**3 + 0*m + 4*m**2 + 3 + 2*m. Calculate j(s).
1
Let k(l) = -3*l - 1. Suppose -27 = -x + 4*x. Let q = -8 - x. Determine k(q).
-4
Let y(u) be the third derivative of 1/24*u**4 + 0*u - 1/15*u**5 + 1/6*u**3 + 2*u**2 + 0 + 1/120*u**6. Calculate y(4).
5
Suppose -25 - 10 = 7*o. Let c(k) = k. Determine c(o).
-5
Let k(b) = -4*b + 4 + 11*b - 5*b. Calculate k(-3).
-2
Let o be ((-2)/(-5))/(2/10). Suppose -4 + 0 = o*s. Let j(y) = -24*y - 2 - 42*y + 1 + 65*y. Give j(s).
1
Let o(m) = -12*m - 4 - 4*m + 21*m - 2*m. Determine o(-3).
-13
Let k(g) = -g**2 - 9*g + 30. Let x be k(-11). Let l(v) = -v - 8. Calculate l(x).
-16
Let k(j) = -j + 13. Let i(l) = l**3 + 2*l**2 + 2*l. Let g be i(-2). Let h(m) = 3*m - 38. Let c(t) = g*h(t) - 11*k(t). Suppose 0 = 3*f - 8*f. Give c(f).
9
Let i(o) be the second derivative of -o**5/20 + o**4/2 - 2*o**3/3 - 7*o**2/2 + 2*o. Let w(s) = s + 1. Let p be w(1). Let m be 10*(p - 3/2). What is i(m)?
-2
Let r(y) = y + 11. Let l be r(-10). Let b(v) = -5*v**2 + v. What is b(l)?
-4
Let w(h) = 2*h. Let j(b) = -3*b. Let s(y) = 5*j(y) + 7*w(y). Give s(7).
-7
Let u(b) be the first derivative of 2*b**3/3 - 5*b**2/2 + 3*b + 17. Determine u(3).
6
Suppose 4*n = o - 0*n + 4, 0 = n - 1. Let w = 9 - 6. Let r(d) = 1 + 6*d + d**3 + o*d**3 - 5*d - w*d**2. Give r(3).
4
Let m(j) = 3*j**3 + 18*j**2 + 9*j - 19. Let t(c) = -c**3 - 6*c**2 - 3*c + 6. Let i(r) = -2*m(r) - 7*t(r). Give i(-5).
6
Let f = 3 - 3. Suppose -2 = -2*a, 4*r - 3*a - 1 = 3*r. Suppose r = b - f. Let n(c) = c**3 - 3*c**2 - 4*c - 1. What is n(b)?
-1
Let c(n) be the first derivative of n**4/4 - 7*n**3/3 - 5*n**2 + 11*n - 17. What is c(8)?
-5
Let l(w) = w - 5. Let d be l(0). Let m(c) be the second derivative of -c**5/20 - c**4/3 + 7*c**3/6 + 5*c**2/2 - 13*c. What is m(d)?
-5
Let q(p) be the first derivative of -p**5/20 + p**4/12 - p**3/6 - 3*p**2 - p - 1. Let a(u) be the first derivative of q(u). What is a(0)?
-6
Let c(d) = -d**3 + 4*d**2 - 2*d - 3. Let b be c(3). Let j(o) = o**2 - o - 1. Let t(s) = -5*s**2 + 5*s + 8. Let v(k) = -4*j(k) - t(k). What is v(b)?
-4
Let d be (-3 + 0)/(9/(-6)). Let v(y) = -d - 3 + 5 + y. Give v(-2).
-2
Let p(y) = y**3 - 6*y**2 - 5*y - 6. Let k(w) = -w**3 + 1. Let n(d) = 2*k(d) + p(d). What is n(-5)?
-4
Suppose -3*q - 2*q = -15. Suppose -5*r = 20, 0 = w - q*w - r - 6. Let z(a) = -3*a**2. Calculate z(w).
-3
Let s(r) = -9*r**2 + 9*r + 5. Let q(b) = 2*b**2 - b - 1. Let t(y) = 4*q(y) + s(y). Determine t(4).
5
Let r = -3 + 3. Let s(u) = u**3 - u**2 - u - 1. Let z(y) = -y - 1. Let k(q) = -s(q) + z(q). What is k(r)?
0
Let r(o) = -2*o. Suppose -52*w + 56*w + 12 = 0. What is r(w)?
6
Let l(i) = i + 2. Suppose 4*j - 4 = j - 5*d, -4*j - 5*d = -7. Determine l(j).
5
Let l(w) = 7*w + 27. Let v be l(-5). Let z(h) = 2*h + 6. Give z(v).
-10
Let r(l) = -l**2 - 3*l - 3. Let d be r(-3). Let g be (20 + -8)/(d/(-2)). Let n be (-4)/(g/(-6))*-1. Let z(x) = -2*x + 2. Give z(n).
8
Let b(i) = -i + 8. Let n be b(4). Let y(q) = -2*q - 2 + 2 - 3 + n*q. Let m be (10/3)/(2/3). Give y(m).
7
Let h(j) = -1. Let l(r) = -6*r + 2. Let g = 5 - 8. Let o(d) = g*h(d) - l(d). Give o(1).
7
Suppose -2*k - 18 = -5*k. Let m(h) = h + 3. Let c(y) = 3*y + 1. Let l(d) = -c(d) + 2*m(d). What is l(k)?
-1
Let h be (-10 + -5)*(-1)/5. Let u(g) be the first derivative of -h*g - 4 - 1/2*g**2. Give u(-3).
0
Suppose 4*d - 2*d = 0. Let v(a) = a**2 + a + 4. Let u be v(d). Let j(l) = -l**3 + 4*l**2 - 3. Calculate j(u).
-3
Suppose 0 = 4*a - 3*a + 3. Suppose -v + 4*v = 0. Let m(r) = 1 + r + 1 + v + 0. What is m(a)?
-1
Suppose 6*l - 2*l - 20 = 0. Let v be 1/(((-6)/(-4))/3). Let q(s) = l*s**v + 2 + 3 + 6*s - 4*s**2. What is q(-4)?
-3
Let k = 1 - -1. Suppose 0 = -4*q - u - 10, k*q - 5*u + 24 = 8. Let b be (q/(-6))/(1/(-2)). Let d(o) = -3*o**3 - 2*o**2 - o. Calculate d(b).
2
Let h(d) be the second derivative of d**4/12 + d**2 - 42*d. Let o(c) = 3*c + 1. Let s be o(-1). What is h(s)?
6
Let w(v) = -v**2 - v + 1. Suppose 5*i = 3*p - 5 - 2, -4*p - 12 = 4*i. Calculate w(p).
1
Suppose 0 = -y - l - 4, 3*l + 12 = 6*y - 2*y. Let p(o) = -o - 10*o**2 + 9*o**2 + 0 + 1. Calculate p(y).
1
Let h(g) = 2 - 15*g + 2 - 2*g**2 - 1 + 0. Let s(u) = -3*u**2 - 22*u + 5. Let f(o) = 7*h(o) - 5*s(o). Calculate f(-4).
-8
Let h(f) = -4*f + 4. Let t(j) = j. Suppose -q - 2*i - 20 = i, q + 30 = -5*i. Let x(y) = q*t(y) - h(y). Give x(5).
-9
Let m(r) = r + 2. Let t be m(1). Let k be ((-40)/(-15))/(2/t). Let w(j) = -j**2 + 4*j - 2. Determine w(k).
-2
Let x = -20 + 14. Let g(m) = m**3 + 6*m**2 + 2*m - 4. Give g(x).
-16
Let f(k) be the second derivative of 13*k**3/6 + k**2/2 - 11*k. Calculate f(-1).
-12
Let m be 152/36 - 4/18. Let k(p) = -p + 9. Let o be k(5). Let h = o - m. Let a(l) = -l - 5. Calculate a(h).
-5
Let u(t) = -15*t - 8. Let p(g) = -g - 1. Let l(h) = -24*p(h) + 3*u(h). Determine l(-1).
21
Let k(h) = h + 5. Let w(g) = -g**3 + 6*g**2 + g - 5. Let z be (-22)/(-4) + (-4)/(-8). Let p be w(z). Suppose -2*s = 7 + p. Determine k(s).
1
Let u = -7 - -5. Let v be 45/(-63) - u/(-7). Let d(k) = -11*k**3 - k**2 - k. Give d(v).
11
Suppose 0*j - 4 = -j. Suppose -3*i + j*i - 4 = 0. Let x(r) = -r**3 + 3*r**2 + 3*r - 2. Calculate x(i).
-6
Let n(l) = -63*l**3 + 6 - 6*l + 64*l**3 - 3*l**2 - l**2. Suppose 0 = -5*a - 6 + 31. What is n(a)?
1
Let q(t) = t**2 + 2*t + 2. Let f be q(-2). Let z = -7 + 9. Let m(n) = z*n**3 + 2 - 1 - 3*n**3. Give m(f).
-7
Let x(a) be the third derivative of a**6/120 + a**5/10 - a**4/12 - a**3/6 + 15*a**2. Calculate x(-6).
11
Let x(t) = t**2 - 5*t + 2. Let s = -18 - -8. Let f be (-18)/(-30) + (-84)/s. Suppose 2*c - 3 - f = 0. Determine x(c).
8
Let q = 21/2 - 9. Let j(y) be the first derivative of -1 - 5*y - q*y**2. Determine j(-4).
7
Let v(d) = d**3 - d**2 - d - 1. Let x be (-4)/(1 + -3) - (-3 + 3). Determine v(x).
1
Let q(f) = f**3 + 3*f**2 - 4*f - 5. Let u be 2/(-7) + (-148)/(-28). Suppose 3*g - 2*v = 10, 0 = u*g + v - 0*v - 21. Let c be (-2)/g*8*1. Determine q(c).
-5
Let o(t) be the third derivative of t**5/20 + t**3/6 + t**2. Let x be (-2)/(-8) + (-13)/4. Let n(m) = -m**3 - 3*m**2 - m - 2. Let l be n(x). Give o(l).
4
Let s(y) = -y**2. Let m(n) = -n**2 + 5*n - 3. Let r(v) = m(v) - 2*s(v). Give r(-5).
-3
Let c(b) = 5*b**3 - 4*b - 2 - 7*b**2 - 4*b - 4*b**3. What is c(8)?
-2
Let x be (-1)/4 - 4/(-16). Suppose 5*w - 2*m - 22 = x, 5*w - 2*m - 10 = 3*m. Let o(t) = -4*t + w*t**3 + 6*t - t + t**2 + 1. Determine o(-1).
-5
Let u(i) = -3*i + 6. Let p = 42 - 25. Suppose c = 3*q + q + p, -q - 8 = -c. Determine u(c).
-9
Let s(n) = n + 1. Let a be (-4)/2*1/2. Let b(q) = 5*q + 13. Let w(m) = a*b(m) + 6*s(m). Give w(0).
-7
Let n(c) be the third derivative of -c**6/120 - c**4/24 - 2*c**3/3 + c**2. Let s = 0 - 0. Give n(s).
-4
Let d(x) = x**2 + 4*x - 1. Suppose -2*c + 6 = o, -o - 2 + 12 = 4*c. Suppose -2*a - 5 = m, -2*m - c = 2*a + 2*m. Give d(a).
-4
Let r = -23 + 14. Let q(p) = -p**2 - 6*p + 9. Let v be q(r). Let a be 4/v + 32/(-18). Let l(n) = 4*n + 3. Calculate l(a).
-5
Let u(f) = f**2 + 3*f - 4. Let o be 3 - 0/(1 - -2). Determine u(o).
14
Let w(h) = -h**3 + 4*h**2 - 2*h - 2. Let a(c) = c**2 - 3*c - 6. Let q be (2 + -7)*(-1)/1. Let s be a(q). Give w(s).
-10
Let z(v) = v**3 - 5*v**2 + 5*v + 1. Let m = 17 - 13. Give z(m).
5
Let m = -24 - 2. Let p = -24 - m. Let y(r) = -r**2 + 2*r - 1. Determine y(p).
-1
Let c(u) = -u**2 - 7*u + 4. Let q(y) = -6*y**2 - 36*y + 20. Let l(o) = 11*c(o) - 2*q